{"id":127,"date":"2026-03-15T16:16:30","date_gmt":"2026-03-15T14:16:30","guid":{"rendered":"https:\/\/www.heurekaloosi.fi\/?page_id=127"},"modified":"2026-03-22T10:29:59","modified_gmt":"2026-03-22T08:29:59","slug":"127-2","status":"publish","type":"page","link":"https:\/\/www.heurekaloosi.fi\/?page_id=127","title":{"rendered":"Haluatko j\u00e4seneksi?"},"content":{"rendered":"\n<div class=\"wp-block-buttons is-content-justification-center is-layout-flex wp-container-core-buttons-is-layout-098cc607 wp-block-buttons-is-layout-flex\">\n<div class=\"wp-block-button is-style-fill\"><a class=\"wp-block-button__link wp-element-button\" href=\"https:\/\/forms.gle\/8fUZU8QKqaScQkB78\">Linkki yhteydenottolomakkeeseen!<\/a><\/div>\n<\/div>\n\n\n\n<div class=\"wp-block-buttons is-layout-flex wp-block-buttons-is-layout-flex\"><\/div>\n\n\n\n<p>Kun olet ilmoittanut halukkuutesi saada lis\u00e4tietoa veljeskunnasta, tapaat loosimme j\u00e4seni\u00e4, joilta saat lis\u00e4tietoa toiminnastamme. N\u00e4in varmistamme, ett\u00e4 ennen p\u00e4\u00e4t\u00f6st\u00e4si saat vastaukset kysymyksiisi ja tied\u00e4t, mihin olet sitoutumassa. T\u00e4m\u00e4n j\u00e4lkeen voit halutessasi j\u00e4tt\u00e4\u00e4 varsinaisen j\u00e4senhakemuksesi. Veljeskuntaan liittyminen tapahtuu juhlallisesti, perinteidemme mukaan ja kun sinut otetaan veljeskunnan ja loosimme j\u00e4seneksi, Odd Fellow -matkasi alkaa.<a href=\"https:\/\/forms.gle\/8fUZU8QKqaScQkB78\">https:\/\/forms.gle\/8fUZU8QKqaScQkB78<\/a><\/p>\n\n\n\n<p>Kokouksia, joissa otamme uusia j\u00e4seni\u00e4 j\u00e4rjestet\u00e4\u00e4n yleens\u00e4 kaksi \u2013 kolme kertaa vuodessa.<\/p>\n\n\n\n<h3 class=\"wp-block-heading\">Mist\u00e4 saan lis\u00e4\u00e4 tietoa?<\/h3>\n\n\n\n<p>Ilmoita kiinnostuksesi yll\u00e4 olevan painikkeen kautta. Olemme sinuun pian yhteydess\u00e4 ja voimme keskustella lis\u00e4\u00e4.&nbsp;Lupaamme, ett\u00e4 keskustelumme ovat aina ehdottoman luottamuksellisia eiv\u00e4tk\u00e4 sido sinua mihink\u00e4\u00e4n. Voit my\u00f6s l\u00e4hett\u00e4\u00e4 vapaamuotoisen s\u00e4hk\u00f6postin osoitteeseen&nbsp;<a href=\"mailto:49.YM@oddfellow.fi\">49.YM@oddfellow.fi<\/a><\/p>\n\n\n\n<div class=\"wp-block-buttons is-layout-flex wp-block-buttons-is-layout-flex\"><\/div>\n\n\n\n<p><\/p>\n","protected":false},"excerpt":{"rendered":"<p>Kun olet ilmoittanut halukkuutesi saada lis\u00e4tietoa veljeskunnasta, tapaat loosimme j\u00e4seni\u00e4, joilta saat lis\u00e4tietoa toiminnastamme. N\u00e4in varmistamme, ett\u00e4 ennen p\u00e4\u00e4t\u00f6st\u00e4si saat vastaukset kysymyksiisi ja tied\u00e4t, mihin olet sitoutumassa. T\u00e4m\u00e4n j\u00e4lkeen voit halutessasi j\u00e4tt\u00e4\u00e4 varsinaisen j\u00e4senhakemuksesi. Veljeskuntaan liittyminen tapahtuu juhlallisesti, perinteidemme mukaan ja kun sinut otetaan veljeskunnan ja loosimme j\u00e4seneksi, Odd Fellow [&hellip;]<\/p>\n","protected":false},"author":1,"featured_media":0,"parent":0,"menu_order":0,"comment_status":"closed","ping_status":"closed","template":"","meta":{"_themeisle_gutenberg_block_has_review":false,"footnotes":""},"class_list":["post-127","page","type-page","status-publish","hentry"],"_links":{"self":[{"href":"https:\/\/www.heurekaloosi.fi\/index.php?rest_route=\/wp\/v2\/pages\/127","targetHints":{"allow":["GET"]}}],"collection":[{"href":"https:\/\/www.heurekaloosi.fi\/index.php?rest_route=\/wp\/v2\/pages"}],"about":[{"href":"https:\/\/www.heurekaloosi.fi\/index.php?rest_route=\/wp\/v2\/types\/page"}],"author":[{"embeddable":true,"href":"https:\/\/www.heurekaloosi.fi\/index.php?rest_route=\/wp\/v2\/users\/1"}],"replies":[{"embeddable":true,"href":"https:\/\/www.heurekaloosi.fi\/index.php?rest_route=%2Fwp%2Fv2%2Fcomments&post=127"}],"version-history":[{"count":14,"href":"https:\/\/www.heurekaloosi.fi\/index.php?rest_route=\/wp\/v2\/pages\/127\/revisions"}],"predecessor-version":[{"id":164,"href":"https:\/\/www.heurekaloosi.fi\/index.php?rest_route=\/wp\/v2\/pages\/127\/revisions\/164"}],"wp:attachment":[{"href":"https:\/\/www.heurekaloosi.fi\/index.php?rest_route=%2Fwp%2Fv2%2Fmedia&parent=127"}],"curies":[{"name":"wp","href":"https:\/\/api.w.org\/{rel}","templated":true}]}}